inder when 540 is divided by m?
72
Let a = 32 - 112. Let b = a - -108. Calculate the remainder when 109 is divided by b.
25
Suppose -3*i = q - 269, 2*i - 3*q + 204 - 376 = 0. Let u = 92 + -66. What is the remainder when i is divided by u?
11
Suppose 394*b - 2706362 = -496810. Calculate the remainder when b is divided by 25.
8
Suppose j = 279*u - 281*u + 24, -7*j + 5*u = -73. What is the remainder when 15817 is divided by j?
11
Suppose -308*k + 680 = 43*k - 2128. Calculate the remainder when 537 is divided by k.
1
Suppose 2*d - 5*a = 2507, 5*d + 2*a = 7131 - 936. Let o = -708 + d. Calculate the remainder when o is divided by 107.
105
Let a be 3 + (-6 - (-4 + 1)). Suppose -5*f + f + 28 = 0. Calculate the remainder when (-7)/28*-4 - (-12 + a) is divided by f.
6
Let a = 64 + 198. What is the remainder when (-5)/(5 - -5)*-2 + a is divided by 53?
51
Let m(i) = -2*i**2 + 12*i + 4. Let n be m(6). Suppose -c - 1 = -n*j - 133, 510 = 4*c + 2*j. What is the remainder when c is divided by 26?
24
Suppose -3*g + 5*v = -146 + 66, -5*g = -4*v - 103. Calculate the remainder when 345 is divided by g.
0
What is the remainder when 5 - (-1040 - 20*(-2)/4) is divided by 116?
107
Suppose f + 1 = 0, o - 2*o + 5*f = -7. Let v be (-8)/((-84)/44 + o). Let s = v - -90. What is the remainder when 8 is divided by s?
0
Let w(x) = -x**2 + 4*x + 7. Let d be w(5). Suppose -6 = d*q - 56. Suppose 4*j + 18 = 6*j. What is the remainder when q is divided by j?
7
Let j = -5658 + 6993. What is the remainder when j is divided by 191?
189
Let f(i) = 7*i**2 - 230*i - 324. Calculate the remainder when 3816 is divided by f(35).
198
Let g be 2/(-8) - (-3565)/(-92). Let r = -37 - g. Suppose -3*i - 5*b + 98 = -b, 0 = 5*i - r*b - 120. Calculate the remainder when i is divided by 9.
8
Let p be (8 - 9)/(2/(-92)). Suppose 4*u - k - 206 = 0, u + 3 = -4*k + p. Calculate the remainder when 253 is divided by u.
49
Let l = -82 + 86. Suppose -4*v + 5*a = -88, l*v + 0*v - 4*a = 92. Let g(y) = -y**3 + 14*y**2 + 17*y + 46. What is the remainder when g(15) is divided by v?
22
Let b(w) = -w**3 - 6*w**2 - 5*w - 6. Let m be b(-6). Suppose m = 7*u - 179. What is the remainder when u is divided by 1 + -1 + 1*5?
4
Calculate the remainder when (-9)/((-135)/4920) - -24 is divided by 115.
7
Suppose 4*t = -5*m - 1261, -11*m = -9*m + 2*t + 504. Let c = m - -283. What is the remainder when 239 is divided by c?
29
Let a(u) = 15*u**3 - 1906*u**2 + 126*u + 146. What is the remainder when 103 is divided by a(127)?
8
What is the remainder when (-226)/((-1)/(4/8)) + -2 is divided by 11 + (-1625)/(-55) + (-24)/44?
31
Let d(s) = s**3 + 14*s**2 + 12*s - 1. Let v be d(-13). What is the remainder when (v/(-5))/(-4*5/250) is divided by 11?
8
Let z(v) = 13*v**2 - 90*v + 77. Calculate the remainder when z(-9) is divided by 8.
4
Suppose 647*w = 649*w - 21384. What is the remainder when w is divided by 155?
152
Let u(q) = 5*q**2 + 39*q + 30. What is the remainder when u(-15) is divided by 20?
10
Let w = -10014 - -10051. Calculate the remainder when 411 is divided by w.
4
Let d(j) = 7*j + 144. Let c be d(-19). Let q(p) = p**3 - 12*p**2 + 18*p + 13. What is the remainder when q(c) is divided by 26?
12
Suppose -5*k - 5*s + 345 = 0, 833*s - 834*s = -3*k + 191. Let n = 4 + 2. Calculate the remainder when k is divided by n.
5
Suppose 5*s = -10, 2*u - 4*u + 3*s = -816. Calculate the remainder when u is divided by 26/(18 + 8)*37*1.
35
Calculate the remainder when 185 is divided by 56*(612/(-833))/((-4)/14).
41
Suppose -68 = -4*h - 20. Suppose -h*b - 186 = -330. Calculate the remainder when 75 is divided by b.
3
Let f = -84 + 132. What is the remainder when ((-3)/2)/((-5)/790) is divided by f?
45
Let g(y) = -2*y**2 - 92*y + 1709. Let s(j) = 109*j**3 - 2*j**2 + 2*j - 1. What is the remainder when s(1) is divided by g(14)?
21
Let n be (-9)/4*(-4)/3 + 21. Let c = n + -21. What is the remainder when 13 is divided by c?
1
Suppose -52 = -t + 14*t. What is the remainder when 76 is divided by 2*(t - (6 - 23))?
24
Let l = -56 + 34. Let w = -13 - l. Let v = 13 - w. What is the remainder when 7 is divided by v?
3
Let g(z) = -16*z + 114. Let q be g(7). Suppose -q*j + 5*k - 4*k + 83 = 0, 4*j - 151 = 5*k. What is the remainder when 77 is divided by j?
33
Suppose -3*g - x + 3653 = 0, -4*g + 1220 = -3*g - 2*x. Suppose -g = 6*k + k. Calculate the remainder when 71 is divided by 3 - (-24)/(-10) - k/10.
17
Let b(d) = -2*d**3 - 17*d**2 - 6*d + 36. What is the remainder when b(-9) is divided by 46?
33
Suppose 103*n - 229*n = 145*n - 14905. Let h(o) = -15*o. Calculate the remainder when h(-7) is divided by n.
50
Suppose 8*j + 6 = 22. Suppose 0*z + 191 = 3*z + j*l, -3*z = l - 187. Calculate the remainder when 182 is divided by z.
60
Let l(r) = r**2 + 31. Let b be 13/((-234)/27)*142. Let u = b - -220. Calculate the remainder when l(0) is divided by u.
3
Suppose 6*k + 34 = 52. Suppose 4*x = -2*b + 98, 5*b + k*x = 5*x + 257. Calculate the remainder when b is divided by 15.
6
Suppose 360*t - 3705 = 265*t. Suppose -2*y + 15 = y. What is the remainder when t is divided by y?
4
Let n = 279 - 267. Let i = 48 - -35. Calculate the remainder when i is divided by n.
11
Suppose -2*u - 6 = o, -3*u - 5*o = 7 + 9. Calculate the remainder when 42 is divided by u/(-1) + 72/(-16)*-2.
9
Let w = 10 + -7. Suppose w*z + 6 = 0, -z - 2*z - 21 = -5*b. Suppose -137*y + 16 = -133*y, 4*y - 66 = -5*n. What is the remainder when n is divided by b?
1
Suppose s + 26 = 4*o, -45 = 2*s - 5*o - 5. What is the remainder when ((-22)/2)/((3 + s)/7) is divided by 6?
5
Suppose 4*z = -225*y + 222*y + 52, -4*z = -y + 28. Calculate the remainder when 438 is divided by y.
18
Let o = -39 - -58. Let s = -1410 + 1495. What is the remainder when s is divided by o?
9
Suppose -5*h + 4*a + 146 = 2*a, -4*h + a = -115. Let w = -2 + 4. Suppose -q + 24 = 3*f, 5*q + 0*f = -w*f + 81. Calculate the remainder when h is divided by q.
13
Let s(x) = 16*x - 24*x - 34*x - 2*x**2 - 26 + 14*x - 16*x. Calculate the remainder when 333 is divided by s(-21).
13
Suppose -26*k + 108 = -8*k. Suppose 68 = -k*b + 176. What is the remainder when 50 is divided by b?
14
Let y(a) = -a**2 + 29. Let x be y(5). Suppose -3*m + 7 = g, 17 = 2*g - m + x*m. Suppose -95 = -4*z + 221. What is the remainder when z is divided by g?
9
Let v(o) = -11*o**3 + o**2 + 5*o + 5. Suppose -l + 9 = 6, -t = l - 2. Suppose n = 3*n - 118. Calculate the remainder when n is divided by v(t).
11
What is the remainder when 83 is divided by 36*6/27 + (62 - -5)?
8
Let x(l) = 4*l**2 - 76*l + 692. Calculate the remainder when x(12) is divided by 44.
4
Suppose -1 = -4*u + 7. Suppose s - u*d = -2*s + 18, 5*d = -s + 23. Calculate the remainder when 22 is divided by s.
6
Suppose 3*x - 2*g - 84 = 0, -27*x + 31*x - 112 = -g. What is the remainder when x is divided by 10?
8
Let h(x) = -x**2 + 5*x + 29. Let a be h(9). Let q(i) = i**3 + 10*i**2 + 12*i + 16. What is the remainder when 231 is divided by q(a)?
73
Let d(g) = -2*g**3 - 4*g**2 + 1. Let b = -49 + 46. Let w be d(b). Calculate the remainder when 5*w*(-12)/(-15) is divided by 13.
11
Calculate the remainder when 183 is divided by 44 - 37 - (-55 - 0).
59
Suppose -3*m + 2*s - 1 = 53, 94 = -5*m + 2*s. Let b be ((-8)/5)/(36/m + 2). Calculate the remainder when 8 is divided by (-96)/(-18) + b/6.
0
Let i = 70 + -2. What is the remainder when -30*(-3 + 247)*(2 + 150/(-72)) is divided by i?
66
Let n = -252 + 255. Suppose 66 + 48 = n*d. Calculate the remainder when 148 is divided by d.
34
Let i be 2 + (-1824)/9 - 6/(-9). Let f = -12 - i. Suppose 3*s - f = -s. Calculate the remainder when s is divided by 16.
15
Suppose 0 = 5*i + 6*x - 1366, 23*x - 25*x - 8 = 0. Calculate the remainder when i is divided by 20.
18
Suppose -302 = -3*v + 307. Suppose -v = -6*k + 7. Suppose -w = -199 + k. Calculate the remainder when w is divided by 33.
32
Suppose 107 = 5*d - 4*o, 0 = -3*d - 5*o + 13 + 29. Let r(q) = -q**2 + 22*q - 12. Calculate the remainder when r(d) is divided by 13.
6
Let x be ((-5871)/(-76))/(6/16). Let b = -168 + x. Calculate the remainder when 122 is divided by b.
8
Suppose 17*z = 19*z. Suppose -2*w - 210 = -z*w. Let d = w - -234. Calculate the remainder when d is divided by 44.
41
Suppose 0 = 3*t - 0*t - 4*b - 224, 315 = 5*t + 5*b. L